= -o*q. What is the greatest common divisor of q and 54?
18
Let w(m) = m**2 + 512. Let u be w(0). Suppose 9*o - u = o. Suppose c = -3*c - 4*v + o, -v = -3*c + 56. What is the greatest common divisor of 72 and c?
18
Let m be (331880/35)/8 - 4/14. What is the highest common factor of m and 15?
15
Let v(p) = -10*p + 4. Let g be v(-1). What is the highest common divisor of g and 14?
14
Let x be 615*2/(-20)*-24. What is the greatest common divisor of 72 and x?
36
Suppose 0 = -2*z + 4*z. Suppose z = g - 1 - 9. Calculate the greatest common divisor of 25 and g.
5
Let g(a) = 33*a**2 - 3*a - 1 - 30*a**2 + 0*a. Let v = -36 + 30. Let y be g(v). Calculate the greatest common factor of y and 25.
25
Suppose -2*f = 3*f - 275. Suppose -16*r - 5*p = -19*r + 71, -83 = -4*r - 5*p. Calculate the greatest common factor of f and r.
11
Let g = 7 + -5. Suppose 4 = g*r - 4. Suppose -3*f - m = -r*f + 35, -f - 5*m = -65. Calculate the highest common factor of f and 5.
5
Suppose u = -4*a + 23, 0 = 5*a + 20 - 5. Suppose -296 = -2*h - 4*c, 2*c = -2*c + 16. Calculate the highest common factor of h and u.
35
Let i = -85 + 141. Calculate the highest common divisor of i and 16.
8
Suppose 16*p - 119 = 25. Let m be (1/3)/((-1)/(-18)). What is the greatest common factor of p and m?
3
Suppose -m - 11 = -11. Suppose 2*g + 2 - 16 = m. What is the highest common divisor of 77 and g?
7
Let r be 121 + (0 - -1) + -2. Suppose -q + 127 - 36 = 4*w, 5*q = -25. What is the greatest common factor of w and r?
24
Suppose -9*j + 6124 = 2092. What is the greatest common factor of 84 and j?
28
Let m(p) = -2*p**3 - 2*p**2 - 10*p + 5. Let j be m(-5). Calculate the greatest common factor of j and 15.
15
Let x(c) = -23 + 3*c - 2 - 4. Let r be x(13). Let k = -1 + 2. Calculate the greatest common divisor of r and k.
1
Suppose n + 1 = 2*p, -3*n - 11 = n - p. Let c be 0 - (-16)/(-12)*n. Suppose -10*a + 4*a + 60 = 0. Calculate the greatest common divisor of c and a.
2
Let k be (-3)/(-5)*(73 - -52). Let d(a) = 0 + 0 + a**2 + 3*a**3 + 2. Let j be d(2). Calculate the highest common divisor of k and j.
15
Suppose -29 = -4*o + 19. Suppose -8*x + 5 = -35. Let g = 8 - x. Calculate the greatest common divisor of g and o.
3
Let y = -32 + 70. Let z = 116 + -30. Let f = z + -29. What is the greatest common factor of y and f?
19
Let g(k) = k**2 - 8*k - 13*k + 12 + 9*k. Let i be g(11). Calculate the greatest common divisor of 9 and i.
1
Let o be 23991/55 - (-1)/(-5). Suppose -8*d = -o - 332. What is the highest common divisor of d and 32?
32
Suppose -a - 3 = -100. Calculate the greatest common divisor of 97 and a.
97
Let w be (0 - 0) + -7*5. Suppose 4*n = 5*p + 365, 4*n - 280 = 3*p + 91. Let y = w + n. Calculate the greatest common factor of y and 12.
12
Let f be ((-4)/(-5))/((-2)/(-5)). Suppose x - 33 = -5. Let g = x - 12. Calculate the greatest common divisor of g and f.
2
Let q be (-606)/(-7) + 1/((-35)/20). What is the greatest common divisor of q and 602?
86
Suppose 0 = -4*l, 563 = 4*y - 5*l - 541. Calculate the greatest common divisor of 92 and y.
92
Suppose -2*h - 3*h - 2 = 3*q, -2*h = 3*q - 1. Suppose 3*n - 8 = -n. Let t(o) = 5*o - 5. Let b be t(n). What is the greatest common divisor of q and b?
1
Suppose -5*u + 50 = -0*u. Suppose j = 3*j - 5*y - 35, -4*j = -5*y - 65. Calculate the highest common divisor of u and j.
5
Let n be ((-135)/90)/((-6)/32 + 0). Let g = 45 + 74. Let h = -63 + g. Calculate the highest common factor of n and h.
8
Let g(o) = -o**3 + 3*o**2 - 3*o + 2. Let a be g(3). Let i be (1*(0 + a))/(-1). Let l be (-6)/21 - (-2164)/28. What is the highest common divisor of l and i?
7
Let u(d) = d + 173. Let j be u(-2). Let n(h) = 10*h - 1. Let p be n(2). Calculate the greatest common divisor of p and j.
19
Let d be 4/28 + (-1322)/(-7) + -1. Calculate the greatest common factor of 47 and d.
47
Suppose -4*l + 62 = -l - 2*z, 2*l + z - 46 = 0. Let g = -21 + l. Suppose -2*d + 5*v = g, -5*d - 2*v + 38 = -v. What is the greatest common divisor of d and 77?
7
Suppose -3*l - 4*o + 24 = 0, -5*l - 4*o = -8 - 24. Suppose 3*h - 14 = -4*p - 2, 2*p + 2*h - l = 0. Calculate the highest common divisor of p and 48.
6
Let c(t) be the first derivative of t**3 + 2*t**2 - 5*t - 8. Let k be c(-4). What is the highest common factor of 27 and k?
27
Let r(o) be the third derivative of -o**6/120 + 17*o**5/60 + 4*o**3 - 4*o**2. Let g be r(17). What is the greatest common divisor of 120 and g?
24
Let l be (-70)/(-5 + 0)*7/2. Suppose -l*b = -48*b - 3. What is the greatest common factor of 3 and b?
3
Let q(g) = -75*g. Let f be q(-4). Suppose -7*m + f = -2*m. What is the highest common divisor of 5 and m?
5
Let u be (-767)/(-4*(-5)/(-20)). What is the greatest common divisor of 59 and u?
59
Let j(k) = -k**3 + 5*k**2 + 8*k - 12. Let z be j(6). Suppose z = u - 9 - 41. Suppose -3*d = -0*d - 30. What is the greatest common factor of u and d?
10
Let i be 6/1 + -10 + 9. Let z be (-1248)/(-20) - (-3)/i. Suppose -5*l - 45 = -a, l - z = -a - 0*l. Calculate the highest common divisor of a and 40.
20
Let a = -59 + 75. What is the greatest common factor of a and 1?
1
Suppose -n = 3*u + 2*n, -3 = -2*u + n. Let x(o) = -o**3 - 6*o**2 + 6*o + 4. Let f be x(-7). What is the greatest common factor of u and f?
1
Suppose f = 6*f - 450. Let x(s) = s**3 + 37*s**2 + 102*s + 9. Let m be x(-34). Calculate the greatest common divisor of f and m.
9
Let h(f) = f - 5. Let u be h(5). Let g be (-9)/(-3) + u + 0. Suppose 2*r - 100 = -g*r. What is the greatest common factor of 140 and r?
20
Let p be 18*3*(-10)/(-4). Let m(n) = -284 + 284 - 27*n. Let c be m(-1). What is the greatest common factor of c and p?
27
Suppose -85*l = -33*l - 156. Calculate the highest common factor of l and 123.
3
Suppose -11 = x - 16. What is the highest common divisor of x and 320?
5
Let c be (21/14)/((-1)/12)*-1. Let p = -17 - -29. Calculate the highest common divisor of p and c.
6
Let s(j) = 78*j**2 - 17*j - 1. Let r be s(1). Calculate the highest common factor of r and 2010.
30
Let i be (-22 + 15)/(-7)*11*1. Let c(l) = 2*l**2 + l. Let y be c(-6). What is the greatest common factor of y and i?
11
Let m(t) = t**2 - 14*t - 83. Let g be m(29). Calculate the greatest common factor of g and 66.
22
Let j be (-6)/(-4)*((-536)/(-24) + -13). Let k = 39 + -4. Calculate the highest common divisor of k and j.
7
Let u = -118 + 150. Calculate the greatest common divisor of 72 and u.
8
Let k(x) = -x**3 - 169*x**2 + 140*x - 5046. Let f be k(-170). Suppose 159 = 4*m - 201. What is the highest common divisor of m and f?
18
Let z(s) = 2*s**3 + 26*s**2 - s - 12. Let h be z(-8). What is the highest common divisor of h and 36?
12
Let n = -361 - -2000. Calculate the highest common divisor of n and 11.
11
Suppose -a - 2*a - 3*p - 378 = 0, -4*p = -2*a - 264. Let h = 176 + a. What is the highest common factor of 36 and h?
12
Suppose -v = -2*v. Suppose v*w = 4*w - 220. Suppose 0*n - 5*n + w = 0. Calculate the highest common factor of 11 and n.
11
Let o(a) = -a + 81. Let s be o(-4). What is the highest common divisor of s and 34?
17
Let i(l) = 14*l + 306. Let k be i(-21). What is the greatest common factor of k and 150?
6
Suppose -184*i = -171*i - 2951. What is the highest common divisor of i and 1?
1
Suppose -14*s + 812 = -10*s. Let k = s - 128. What is the highest common divisor of 30 and k?
15
Let m = -152 - -404. What is the greatest common divisor of 72 and m?
36
Let b be (-32)/(-6) + 4/6. Let a be -2*(-1)/((-6)/(-15)). Suppose -6*m + a = -m. Calculate the greatest common factor of m and b.
1
Let f = 997 - 989. Calculate the greatest common divisor of f and 256.
8
Let n be ((-14)/(-3))/((-18)/(-81)). Let m = 269 - 185. What is the greatest common divisor of n and m?
21
Suppose -4*a - x = -34, -a + 1 = -125*x + 129*x. Let u(v) = -2*v**2 + 2*v - 2. Let h be u(3). Let k = h + 23. Calculate the greatest common factor of a and k.
9
Let q be (-316)/(-10) - 8/(-20). Let o = 574 + -222. What is the greatest common divisor of q and o?
32
Let b be 1/((2/1)/6). Let f(u) = 4*u - 8. Let n(a) = -a + 1. Let c(q) = f(q) + 2*n(q). Let x be c(6). What is the greatest common factor of x and b?
3
Suppose 0 = -y - 18 + 14. Let z be (y/10)/((26/180)/(-13)). Calculate the greatest common factor of 18 and z.
18
Let v(k) be the 